 = -3*y. Suppose 228 = 4*v - f*v. What is the tens digit of v?
5
Suppose 330 = 5*a - 11*r + 6*r, 3*r = 5*a - 320. Let g = 33 + a. What is the tens digit of g?
9
Let a(k) = 375*k + 21. What is the hundreds digit of a(3)?
1
Let f = 3 + 2. Suppose -4*w - j + 64 = -5*j, 4*w = f*j + 60. What is the tens digit of w?
2
Suppose -2*c - 4*q = -0*q + 606, 2*q + 596 = -2*c. What is the units digit of (c + 9)*1/(-4)?
1
Suppose -x = 3*w - 15, 11 = 5*x + w - 22. Suppose -x*y = -9 - 15. Suppose -248 = -4*g - 2*c, 2*g + y*c = -2*g + 248. What is the tens digit of g?
6
Let j(r) = r**2 + 15*r**3 + 0 + 375*r - 373*r - 3. What is the tens digit of j(2)?
2
Let n(m) = m**2 + 7*m + 8. Let h be n(-6). Let q be h - (0 - 0 - 0). Suppose -t + q*t = 24. What is the tens digit of t?
2
Suppose 0*p + 5*p + 25 = 0, 0 = -2*i + 2*p + 14. Let a = 22 - -17. Suppose -i*q - 3*u = -78, a - 1 = q + u. What is the tens digit of q?
3
Let f(q) be the first derivative of q**4/4 + 4*q**3 + 5*q**2 - 7*q + 4. Let l be f(-11). Suppose 2 = l*a - 2. What is the units digit of a?
1
Let b = 5 + 0. Suppose -b = 2*j + 1. Let o(d) = -4*d - 5. What is the units digit of o(j)?
7
Suppose 5*z - 8 = z. Let q be (10/30)/(z/30). What is the tens digit of -10*(2 - q) - 2?
2
Suppose -d - 4*d - 50 = 0. Let k be d/25 - (-2)/5. Suppose -j - 2*v + 14 = k, -2*j = -4*j + 5*v + 19. What is the units digit of j?
2
Let y = -722 + 1387. What is the units digit of y?
5
Suppose -5*q - 4*y = -19514, -5*y = 35*q - 32*q - 11711. What is the thousands digit of q?
3
Let r(j) = 3*j - 3. Let t be r(5). Suppose -u - 6*l + t = -3*l, 3*l - 27 = 4*u. What is the units digit of (1/u)/((-5)/15)?
1
Suppose 4*b = 5*q - 820, 0 = 5*b + 6 - 31. Suppose q = 5*t - 132. Let j = t - 4. What is the tens digit of j?
5
Let x = -65 - -378. Let s = -37 + x. What is the units digit of s?
6
Suppose 0 = -3*b + 1763 - 380. What is the tens digit of b?
6
Let a be (1 - 5)*75/(-4). Suppose -a = -4*j + 29. What is the units digit of j?
6
Let b(h) = -3*h + 235. Let l(m) = -3*m + 237. Let u(j) = -6*b(j) + 7*l(j). What is the hundreds digit of u(0)?
2
Suppose -440 + 60 = -5*s. Let i = 48 - 4. Let v = s - i. What is the tens digit of v?
3
Suppose x - 8 = 3*b, 2*x - 3*x + 4 = -2*b. Suppose 2*v + 66 = -v. Let g = x - v. What is the tens digit of g?
1
Suppose 66*u = 63*u + 21. Let d = u + -4. What is the units digit of d?
3
Let h be (-1)/5*155/(-1). Suppose 2*y = 51 + h. What is the tens digit of y?
4
Let g(y) = -20*y**2 - 22*y + 36. Let t(k) = 7*k**2 + 7*k - 12. Let q(x) = -4*g(x) - 11*t(x). What is the tens digit of q(-6)?
3
Suppose -38 = 5*z + n, 0 = 5*z + n + 3*n + 32. What is the tens digit of (82/z)/((-9)/72)?
8
Let k = 4612 - 2558. What is the units digit of k?
4
Let v = 510 + 182. What is the tens digit of v?
9
Suppose 3*m + 18 = -3*h, m - 31 = 5*m - 3*h. Let w = m - -9. Suppose 135 = 5*n - i, 0 = -w*n - 2*n - 3*i + 108. What is the tens digit of n?
2
Let v(d) = 3*d - 18. Let x be v(6). What is the tens digit of 29/(-58)*(1 + x)*-188?
9
Let k be ((-3)/(-6))/(3/18 - 0). Suppose -k*a + 6*a - 573 = 0. What is the units digit of a?
1
Let a = -2669 + 5290. What is the tens digit of a?
2
Suppose -17*p - 39175 = -42*p. What is the hundreds digit of p?
5
Let a(x) = 14*x + 5. Let v be 4/7 + (-80)/(-56). What is the tens digit of a(v)?
3
Let m be -22*((-15)/6 - -4). What is the tens digit of (28/6)/((-2)/m)?
7
Let x(o) = -o**3 + 15*o**2 - 15*o + 18. Let c be x(14). What is the units digit of 30 + (4 - -2 - c)?
2
Let y = 57 + -22. Let w = 23 - y. Let h = w - -20. What is the units digit of h?
8
Suppose -p - p + 48 = 0. Suppose 0 = l - p + 7. Suppose 3*k + l + 30 = t, -5*k - 141 = -3*t. What is the units digit of t?
7
Let m be 0 + 21/3 + -4. Suppose 6 = m*z, -z = -5*w - 3*z + 444. What is the tens digit of w?
8
Let x(k) = k**3 + 3*k**2 - 2*k - 2. Let z be x(-2). Suppose 2*a - t = z + 4, 0 = 3*t + 6. Suppose -a*n - n = -60. What is the tens digit of n?
1
Let h = 2297 - 1573. Suppose -9*b + h = -1337. What is the tens digit of b?
2
Let y(w) = -1. Let d(f) = 2*f - 35. Let q(m) = -d(m) - 3*y(m). What is the units digit of q(-14)?
6
Let f(p) = 3*p**2 - 80*p + 77. What is the hundreds digit of f(35)?
9
Let a(h) = 36*h + 21. Let k(y) = -5*y - 3. Let r(g) = -2*a(g) - 15*k(g). Suppose 2*o = 5*o - 18. What is the units digit of r(o)?
1
Suppose 4*w + 4*a + 12 = 0, -4*w - 9 = -2*a - 3. Let d = -2 - w. Suppose d = -4*b - b + 50. What is the tens digit of b?
1
Let r(v) = -v**3 + 39*v**2 - 99*v + 42. What is the tens digit of r(32)?
4
What is the units digit of ((-5200)/50)/(4/(-14) + 0)?
4
Suppose x - 114 = -d - d, -x - d = -115. Suppose x = k - 90. What is the units digit of k?
6
Let l(p) = p**3 + 11*p**2 + 10*p - 8. Let d be l(-10). Let v = -3 - d. Suppose 20 = c - v. What is the units digit of c?
5
Let i(d) = -d**2 - 4*d + 10. Suppose -3*h - 25 = 4*a - 3*a, -30 = 2*h - 2*a. Let w be i(h). What is the units digit of (90/w)/((-2)/30)?
7
Suppose 4*b - 222 = 94. Suppose 17*k - 12*k = 205. Suppose 2*u = b + k. What is the tens digit of u?
6
Let r(u) = -u**2 + 7*u + 2. Let s be r(7). What is the tens digit of (-12)/8 - ((-391)/s + 0)?
9
Suppose 5*m = -s + 640, -3*s + 128 = 3*m - 2*m. Let u = m - 26. Suppose -2*k + u = k. What is the tens digit of k?
3
Suppose 0 = 2*d + 2*d + 44. Let t(g) = 11 - 21 - 5*g + 3*g. What is the tens digit of t(d)?
1
Suppose -6*a = -53597 + 17273. What is the tens digit of a?
5
Suppose -i + 27 = -2*v - 3*v, 4*v + 3*i + 14 = 0. Suppose -4*m = 46 + 14. Let d = v - m. What is the tens digit of d?
1
What is the tens digit of (-5)/(-4) + 409275/340?
0
Let x = -473 - -1381. What is the units digit of x?
8
Let w = -80 + 86. Let h(q) = 3*q**3 - 13*q**2 + 7*q - 7. What is the hundreds digit of h(w)?
2
Let o(t) = 16*t + 1. Suppose -9 + 21 = 3*b. Let q(f) = f**2 - 6*f + 10. Let r be q(b). What is the tens digit of o(r)?
3
Let i be (3 + 0 - 0)/3. What is the units digit of 14/(-3 + i)*-1?
7
What is the units digit of (-2 + 3/1)/((-3)/(-2070))?
0
Suppose 5*x - 22 + 12 = 0. Let o be (6/24)/(x/56). What is the tens digit of o*-1*390/(-91)?
3
Let h = -63 + 311. What is the tens digit of h?
4
Let v(k) = k**3 + 13*k**2 + 10*k + 18. Let r = -33 + 21. What is the tens digit of v(r)?
4
Let g be 2 - (0 - (3 - 2)). Let y be 11 + 0 + g + -3. Suppose 9*t + 44 = y*t. What is the units digit of t?
2
Suppose -4*g + 1704 = -4*t - 860, 4*t - 1916 = -3*g. What is the units digit of g?
0
What is the thousands digit of 203/7*(-3 + 62)*1?
1
Suppose 4*u = -3 + 19. Suppose -48 = -u*a - k, 0*a - a + 5*k = -33. Suppose -2*l - a - 41 = -4*h, -4*h + 5*l = -69. What is the units digit of h?
1
Suppose 0 = -8*l - 424 + 2728. Let k = -196 + l. What is the tens digit of k?
9
Let q(p) = -p + 7 + 13*p**3 - 11*p**3 - 2 - 5*p**2 + 0*p**2. What is the tens digit of q(4)?
4
Suppose -106*l = -100*l - 1902. What is the units digit of l?
7
Let b(q) = -3*q - 7. Let v be b(5). Let r be v/(-2 - (-20)/8). What is the units digit of (-121)/(-4) - (-11)/r?
0
Suppose -6*j = -9*j + 45. Let b be j/(-5)*(-4)/3. Suppose -b*t + 20 = -0*t, -t - 19 = -3*h. What is the units digit of h?
8
Suppose -2*q = f - 1458, -5*q + 2*f + 4349 = 722. What is the tens digit of q?
2
Let l(g) be the second derivative of 11*g**3 + g**2 + 24*g. What is the tens digit of l(4)?
6
Let u(j) = 4*j - 7. Let y be (48/4)/4 - -6. Let n be u(y). Suppose 3*x + n - 101 = 0. What is the units digit of x?
4
Let a = 960 - 555. What is the hundreds digit of a?
4
Suppose -3*w + 4 = -4*v + 18, 2 = -v - 2*w. Suppose -3*c = -v*x - c + 14, x + 18 = -4*c. Suppose -d - x*i = 2*d - 14, i - 4 = 0. What is the units digit of d?
2
Let l = 52 + -50. Suppose -r - l*h + 129 = -h, -130 = -r - 2*h. What is the tens digit of r?
2
Let v be -40 + (-3 - 1 - -1). Let d = 7 - v. Suppose 5*f = -d + 195. What is the tens digit of f?
2
Suppose 10*o - o - 1494 = 0. What is the units digit of o?
6
Suppose -5*q - 3 = -43. Suppose q*g + g - 585 = 0. What is the units digit of g?
5
What is the tens digit of 8/(-14) - (-2040)/42?
4
Let y(v) = 3*v + 8 - 29 - 5*v + 3*v. Let o be y(16). What is the tens digit of 1/(-3)*(-91 + o)?
3
Let a(y) = y**3 - 11*y**2 + 12*y + 3. Let d be a(11). Let x = 192 - d. Let n = x - 24. What is the tens digit of n?
3
Suppose -5*a - 4 = 2*c, -a - 4 = -2*